{"id":1393,"date":"2022-09-05T11:00:39","date_gmt":"2022-09-05T10:00:39","guid":{"rendered":"https:\/\/www.aerobowl.com\/bowling-evreux\/?page_id=1393"},"modified":"2022-09-16T10:58:13","modified_gmt":"2022-09-16T09:58:13","slug":"salle-de-billards-8-pool","status":"publish","type":"page","link":"https:\/\/www.aerobowl.com\/bowling-evreux\/laero-bowling-devreux\/salle-de-billards-8-pool\/","title":{"rendered":"Salle de billards \/ 8 pool"},"content":{"rendered":"<p>[vc_row font_color=\u00a0\u00bb#ffffff\u00a0\u00bb bg_color=\u00a0\u00bb#000000&Prime;][vc_column width=\u00a0\u00bb1\/1&Prime;][vc_column_text]<\/p>\n<div>1 rue Gay Lussac 27000 Evreux &#8211; T\u00e9l : 02.32.78.88.88<a href=\"https:\/\/www.aerobowl.com\/bowling-evreux\/contactez-aerobowl-espace-loisir\/\" target=\"_blank\" rel=\"noopener\"><img decoding=\"async\" src=\"https:\/\/www.aerobowl.com\/bowling-evreux\/wp-content\/uploads\/2022\/09\/logo-contact.png\" border=\"0\" \/><\/a><a href=\"https:\/\/www.facebook.com\/aero.bowling\" target=\"_blank\" rel=\"noopener\"><img decoding=\"async\" src=\"https:\/\/www.aerobowl.com\/bowling-evreux\/wp-content\/uploads\/2022\/09\/logo-facebook.png\" border=\"0\" \/><\/a><a href=\"https:\/\/www.instagram.com\/aerobowling\/\" target=\"_blank\" rel=\"noopener\"><img decoding=\"async\" src=\"https:\/\/www.aerobowl.com\/bowling-evreux\/wp-content\/uploads\/2022\/09\/logo-insta.png\" border=\"0\" \/><\/a><\/div>\n<p>[\/vc_column_text][\/vc_column][\/vc_row][vc_row][vc_column][vc_column_text]<\/p>\n<h1 style=\"text-align: center;\"><strong>8 POOL ou Billards Anglais<\/strong><\/h1>\n<p>[\/vc_column_text][vc_single_image image=\u00a0\u00bb1394&Prime; img_size=\u00a0\u00bb1200&#215;739&Prime; alignment=\u00a0\u00bbcenter\u00a0\u00bb css_animation=\u00a0\u00bbvrv_fadeInUpBig\u00a0\u00bb css_delay=\u00a0\u00bb500&Prime;][vc_column_text]<\/p>\n<p style=\"text-align: center;\"><strong>Un jeu d\u2019agilit\u00e9 et de r\u00e9flexion extr\u00eamement pris\u00e9 par tous les amateurs du genre, il \u00e9tait plus que n\u00e9cessaire de proposer une salle de billard digne de ce nom en Normandie. <\/strong><\/p>\n<p style=\"text-align: center;\">C\u2019est chose faite \u00e0 l\u2019espace loisir d\u2019Evreux : 10 tables sont \u00e0 votre disposition pour de bons moments de d\u00e9tente entre amis.<\/p>\n<p style=\"text-align: center;\">Dispos\u00e9s dans un espace large et a\u00e9r\u00e9, \u00e9clair\u00e9s id\u00e9alement de mani\u00e8re feutr\u00e9e et implant\u00e9 dans l\u2019 endroit le plus paisible de notre complexe, nos billards accueillent aussi bien les amateurs que les joueurs confirm\u00e9s.<\/p>\n<p style=\"text-align: center;\">Pour rappel, le billard anglais se joue avec la boule blanche pour rentrer 15 billes de couleurs (sept jaunes, sept rouges et 1 noire). Le joueur doit d\u2019abord \u00e9liminer toutes les billes de sa couleur pour entrer en dernier la boule noire, la \u00ab\u00a0blackball\u00a0\u00bb !<\/p>\n<p style=\"text-align: center;\">Beaucoup de joueurs de haut niveau, pas mal de clubs et d\u2019associations viennent de Pacy sur Eure, Conches-en-Ouche et m\u00eame de Louviers pour s\u2019entra\u00eener \u00e0 l\u2019A\u00e9ro. Venez vous aussi les rencontrer et les affronter amicalement !<\/p>\n<p style=\"text-align: center;\">A noter, il vous est \u00e9galement possible de privatiser notre salle de billard, selon conditions et tarifs via un petit mail :\u00a0<a title=\"Contactez l\u2019A\u00e9ro\" href=\"https:\/\/www.aerobowl.com\/bowling-evreux\/contactez-aerobowl-espace-loisir\/\" target=\"_blank\" rel=\"noopener\">privatiser notre salle de billards 8 pool<\/a><\/p>\n<p>[\/vc_column_text]<div class=\"small-12 verve_gallery verve_gallery_default\"><div id=\"iso_gallery-4963\" class=\"iso_doubles iso_folio shortcoded per_init verve_iso_gallery no_titles_gallery\" style=\"margin-right:-10px;\" data-margin=10><div class=\"grid-sizer\"><\/div><div class=\"portfolio_entry_li without_skills\" style=\"padding-right:10px;padding-bottom:10px;\" data-mfp-src=\"https:\/\/www.aerobowl.com\/bowling-evreux\/wp-content\/uploads\/2022\/09\/club-billards-Le-Neubourg.jpg\" data-title=\"club billards Le Neubourg\" data-caption=\"\"><div class=\"grid_image_wrapper\"><div class=\"centerized_father\"><div class=\"centerized_child\"><div class=\"grid_single_title zero_color\"><div class=\"prk_ttl\"><h3 class=\"header_font body_bk_color small\">club billards Le Neubourg<\/h3><\/div> <\/div><\/div><\/div><div class=\"grid_colored_block\"><\/div><img loading=\"lazy\" decoding=\"async\" src=\"#\" data-src=\"https:\/\/www.aerobowl.com\/bowling-evreux\/wp-content\/uploads\/2022\/09\/club-billards-Le-Neubourg-480x300.jpg\" width=\"480\" height=\"300\" class=\"custom-img grid_image\" alt=\"Image Not Found On Media Library\" data-featured=\"no\" \/><\/div><\/div><div class=\"portfolio_entry_li without_skills\" style=\"padding-right:10px;padding-bottom:10px;\" data-mfp-src=\"https:\/\/www.aerobowl.com\/bowling-evreux\/wp-content\/uploads\/2022\/09\/salle-de-billards-evreux.jpg\" data-title=\"salle de billards \u00e9vreux\" data-caption=\"\"><div class=\"grid_image_wrapper\"><div class=\"centerized_father\"><div class=\"centerized_child\"><div class=\"grid_single_title zero_color\"><div class=\"prk_ttl\"><h3 class=\"header_font body_bk_color small\">salle de billards \u00e9vreux<\/h3><\/div> <\/div><\/div><\/div><div class=\"grid_colored_block\"><\/div><img loading=\"lazy\" decoding=\"async\" src=\"#\" data-src=\"https:\/\/www.aerobowl.com\/bowling-evreux\/wp-content\/uploads\/2022\/09\/salle-de-billards-evreux-480x300.jpg\" width=\"480\" height=\"300\" class=\"custom-img grid_image\" alt=\"Image Not Found On Media Library\" data-featured=\"no\" \/><\/div><\/div><div class=\"portfolio_entry_li without_skills\" style=\"padding-right:10px;padding-bottom:10px;\" data-mfp-src=\"https:\/\/www.aerobowl.com\/bowling-evreux\/wp-content\/uploads\/2022\/09\/billards-anglais-elbeuf.jpg\" data-title=\"billards anglais elbeuf\" data-caption=\"\"><div class=\"grid_image_wrapper\"><div class=\"centerized_father\"><div class=\"centerized_child\"><div class=\"grid_single_title zero_color\"><div class=\"prk_ttl\"><h3 class=\"header_font body_bk_color small\">billards anglais elbeuf<\/h3><\/div> <\/div><\/div><\/div><div class=\"grid_colored_block\"><\/div><img loading=\"lazy\" decoding=\"async\" src=\"#\" data-src=\"https:\/\/www.aerobowl.com\/bowling-evreux\/wp-content\/uploads\/2022\/09\/billards-anglais-elbeuf-480x300.jpg\" width=\"480\" height=\"300\" class=\"custom-img grid_image\" alt=\"Image Not Found On Media Library\" data-featured=\"no\" \/><\/div><\/div><div class=\"portfolio_entry_li without_skills\" style=\"padding-right:10px;padding-bottom:10px;\" data-mfp-src=\"https:\/\/www.aerobowl.com\/bowling-evreux\/wp-content\/uploads\/2022\/09\/salle-de-10-tables.jpg\" data-title=\"salle de 10 tables\" data-caption=\"\"><div class=\"grid_image_wrapper\"><div class=\"centerized_father\"><div class=\"centerized_child\"><div class=\"grid_single_title zero_color\"><div class=\"prk_ttl\"><h3 class=\"header_font body_bk_color small\">salle de 10 tables<\/h3><\/div> <\/div><\/div><\/div><div class=\"grid_colored_block\"><\/div><img loading=\"lazy\" decoding=\"async\" src=\"#\" data-src=\"https:\/\/www.aerobowl.com\/bowling-evreux\/wp-content\/uploads\/2022\/09\/salle-de-10-tables-480x300.jpg\" width=\"480\" height=\"300\" class=\"custom-img grid_image\" alt=\"Image Not Found On Media Library\" data-featured=\"no\" \/><\/div><\/div><div class=\"portfolio_entry_li without_skills\" style=\"padding-right:10px;padding-bottom:10px;\" data-mfp-src=\"https:\/\/www.aerobowl.com\/bowling-evreux\/wp-content\/uploads\/2022\/09\/bowling-Ivry-la-Bataille.jpg\" data-title=\"bowling Ivry la Bataille\" data-caption=\"\"><div class=\"grid_image_wrapper\"><div class=\"centerized_father\"><div class=\"centerized_child\"><div class=\"grid_single_title zero_color\"><div class=\"prk_ttl\"><h3 class=\"header_font body_bk_color small\">bowling Ivry la Bataille<\/h3><\/div> <\/div><\/div><\/div><div class=\"grid_colored_block\"><\/div><img loading=\"lazy\" decoding=\"async\" src=\"#\" data-src=\"https:\/\/www.aerobowl.com\/bowling-evreux\/wp-content\/uploads\/2022\/09\/bowling-Ivry-la-Bataille-480x300.jpg\" width=\"480\" height=\"300\" class=\"custom-img grid_image\" alt=\"Image Not Found On Media Library\" data-featured=\"no\" \/><\/div><\/div><div class=\"portfolio_entry_li without_skills\" style=\"padding-right:10px;padding-bottom:10px;\" data-mfp-src=\"https:\/\/www.aerobowl.com\/bowling-evreux\/wp-content\/uploads\/2022\/09\/billards-8-pool.jpg\" data-title=\"billards 8 pool\" data-caption=\"\"><div class=\"grid_image_wrapper\"><div class=\"centerized_father\"><div class=\"centerized_child\"><div class=\"grid_single_title zero_color\"><div class=\"prk_ttl\"><h3 class=\"header_font body_bk_color small\">billards 8 pool<\/h3><\/div> <\/div><\/div><\/div><div class=\"grid_colored_block\"><\/div><img loading=\"lazy\" decoding=\"async\" src=\"#\" data-src=\"https:\/\/www.aerobowl.com\/bowling-evreux\/wp-content\/uploads\/2022\/09\/billards-8-pool-480x300.jpg\" width=\"480\" height=\"300\" class=\"custom-img grid_image\" alt=\"Image Not Found On Media Library\" data-featured=\"no\" \/><\/div><\/div><\/div><\/div><div class=\"clearfix\"><\/div>[\/vc_column][\/vc_row]<\/p>\n","protected":false},"excerpt":{"rendered":"<p>[vc_row font_color=\u00a0\u00bb#ffffff\u00a0\u00bb bg_color=\u00a0\u00bb#000000&Prime;][vc_column width=\u00a0\u00bb1\/1&Prime;][vc_column_text] 1 rue Gay Lussac 27000 Evreux &#8211; T\u00e9l : 02.32.78.88.88 [\/vc_column_text][\/vc_column][\/vc_row][vc_row][vc_column][vc_column_text] 8 POOL ou Billards Anglais [\/vc_column_text][vc_single_image image=\u00a0\u00bb1394&Prime; img_size=\u00a0\u00bb1200&#215;739&Prime; alignment=\u00a0\u00bbcenter\u00a0\u00bb css_animation=\u00a0\u00bbvrv_fadeInUpBig\u00a0\u00bb css_delay=\u00a0\u00bb500&Prime;][vc_column_text] Un jeu d\u2019agilit\u00e9 et de r\u00e9flexion extr\u00eamement pris\u00e9 par tous les amateurs du genre, il \u00e9tait plus que n\u00e9cessaire de proposer une salle de billard digne de ce nom [&hellip;]<\/p>\n","protected":false},"author":1,"featured_media":1394,"parent":8873,"menu_order":0,"comment_status":"closed","ping_status":"closed","template":"","meta":{"_monsterinsights_skip_tracking":false,"_monsterinsights_sitenote_active":false,"_monsterinsights_sitenote_note":"","_monsterinsights_sitenote_category":0,"footnotes":""},"class_list":["post-1393","page","type-page","status-publish","has-post-thumbnail","hentry"],"aioseo_notices":[],"_links":{"self":[{"href":"https:\/\/www.aerobowl.com\/bowling-evreux\/wp-json\/wp\/v2\/pages\/1393","targetHints":{"allow":["GET"]}}],"collection":[{"href":"https:\/\/www.aerobowl.com\/bowling-evreux\/wp-json\/wp\/v2\/pages"}],"about":[{"href":"https:\/\/www.aerobowl.com\/bowling-evreux\/wp-json\/wp\/v2\/types\/page"}],"author":[{"embeddable":true,"href":"https:\/\/www.aerobowl.com\/bowling-evreux\/wp-json\/wp\/v2\/users\/1"}],"replies":[{"embeddable":true,"href":"https:\/\/www.aerobowl.com\/bowling-evreux\/wp-json\/wp\/v2\/comments?post=1393"}],"version-history":[{"count":15,"href":"https:\/\/www.aerobowl.com\/bowling-evreux\/wp-json\/wp\/v2\/pages\/1393\/revisions"}],"predecessor-version":[{"id":10108,"href":"https:\/\/www.aerobowl.com\/bowling-evreux\/wp-json\/wp\/v2\/pages\/1393\/revisions\/10108"}],"up":[{"embeddable":true,"href":"https:\/\/www.aerobowl.com\/bowling-evreux\/wp-json\/wp\/v2\/pages\/8873"}],"wp:featuredmedia":[{"embeddable":true,"href":"https:\/\/www.aerobowl.com\/bowling-evreux\/wp-json\/wp\/v2\/media\/1394"}],"wp:attachment":[{"href":"https:\/\/www.aerobowl.com\/bowling-evreux\/wp-json\/wp\/v2\/media?parent=1393"}],"curies":[{"name":"wp","href":"https:\/\/api.w.org\/{rel}","templated":true}]}}