{"id":34,"date":"2015-11-20T14:42:55","date_gmt":"2015-11-20T13:42:55","guid":{"rendered":"http:\/\/www.aerobowl.com\/bowling-evreux\/?page_id=34"},"modified":"2024-06-10T14:13:46","modified_gmt":"2024-06-10T13:13:46","slug":"laser-game-devreux","status":"publish","type":"page","link":"https:\/\/www.aerobowl.com\/bowling-evreux\/laser-game-devreux\/","title":{"rendered":"Laser Game M\u00e9gazone Evreux"},"content":{"rendered":"<p>[vc_row font_color=\u00a0\u00bb#ffffff\u00a0\u00bb bg_color=\u00a0\u00bb#000000&Prime;][vc_column width=\u00a0\u00bb1\/1&Prime;][vc_column_text]<\/p>\n<div>1 rue Gay Lussac 27000 Evreux &#8211; T\u00e9l : 02.32.78.88.88<a href=\"https:\/\/www.aerobowl.com\/bowling-evreux\/contactez-aerobowl-espace-loisir\/\" target=\"_blank\" rel=\"noopener\"><img decoding=\"async\" src=\"https:\/\/www.aerobowl.com\/bowling-evreux\/wp-content\/uploads\/2022\/09\/logo-contact.png\" border=\"0\" \/><\/a><a href=\"https:\/\/www.facebook.com\/aero.bowling\" target=\"_blank\" rel=\"noopener\"><img decoding=\"async\" src=\"https:\/\/www.aerobowl.com\/bowling-evreux\/wp-content\/uploads\/2022\/09\/logo-facebook.png\" border=\"0\" \/><\/a><a href=\"https:\/\/www.instagram.com\/aerobowling\/\" target=\"_blank\" rel=\"noopener\"><img decoding=\"async\" src=\"https:\/\/www.aerobowl.com\/bowling-evreux\/wp-content\/uploads\/2022\/09\/logo-insta.png\" border=\"0\" \/><\/a><\/div>\n<p>[\/vc_column_text][\/vc_column][\/vc_row][vc_row bk_type=\u00a0\u00bbverve_full_row\u00a0\u00bb row_height=\u00a0\u00bbforced_row vertical_forced_row\u00a0\u00bb bk_element=\u00a0\u00bbimage\u00a0\u00bb bg_image_repeat=\u00a0\u00bbverve_fixed_bk\u00a0\u00bb append_arrow=\u00a0\u00bbyes\u00a0\u00bb css_animation=\u00a0\u00bbbottom-to-top\u00a0\u00bb bg_image=\u00a0\u00bb9776&Prime;][vc_column][vc_column_text]<\/p>\n<h1 style=\"text-align: center;\">Laser Game Evreux<\/h1>\n<p>[\/vc_column_text][vc_single_image image=\u00a0\u00bb9969&Prime; img_size=\u00a0\u00bbfull\u00a0\u00bb alignment=\u00a0\u00bbcenter\u00a0\u00bb onclick=\u00a0\u00bbimg_link_large\u00a0\u00bb css_animation=\u00a0\u00bbvrv_fadeInLeftBig\u00a0\u00bb css_delay=\u00a0\u00bb1000&Prime;][vc_column_text]<\/p>\n<p style=\"text-align: center;\"><strong>R\u00e9f\u00e9rence r\u00e9gionale, notre tout nouveau laser game s\u2019impose aujourd\u2019hui comme le plus complet et le plus moderne de sa cat\u00e9gorie.<\/strong><\/p>\n<p>[\/vc_column_text][vc_column_text css_animation=\u00a0\u00bbvrv_fadeInLeftBig\u00a0\u00bb]<\/p>\n<h2 style=\"text-align: center;\">Un d\u00e9cor \u00e0 couper le souffle. Un \u00e9clairage fantastique. Une zone de jeu tr\u00e8s intuitive et une ambiance \u00e9trange, futuriste qui vous glacera le sang !<\/h2>\n<p class=\"AppText AppArticle-text\" style=\"text-align: center;\" data-v-02f3be58=\"\"><strong>Mais comment \u00e7a se d\u00e9roule ?<\/strong><\/p>\n<p class=\"AppText AppArticle-text\" style=\"text-align: center;\" data-v-02f3be58=\"\">C\u2019est simple, avant de vous plonger dans notre univers \u00ab\u00a0post-nucl\u00e9aire\u00a0\u00bb ou l\u2019apocalypse tutoie l\u2019angoisse. Avant de faire ressortir vos instincts les plus guerriers et de vous frotter \u00e0 la peur, vous devez former une \u00e9quipe avec vos potes ou votre famille. Vous serez \u00e9quip\u00e9s par notre personnel du mat\u00e9riel n\u00e9cessaire pour accomplir votre mission : arme, veste.<\/p>\n<h3 class=\"AppText AppArticle-text\" style=\"text-align: center;\">Vous \u00eates pr\u00eats pour entrer dans le Laser Game ?<\/h3>\n<p style=\"text-align: center;\">Une fois ces \u00e9tapes accomplies, vous \u00eates pr\u00eats pour p\u00e9n\u00e9trer dans l\u2019autre monde ! Vous disposez alors de\u00a0<strong>20 minutes<\/strong>\u00a0pour apprivoiser notre labyrinthe et ses recoins. Objectif : faire le maximum de points en visant vos ennemis, les cibles et\u2026 surtout\u2026 rester en vie !<\/p>\n<p style=\"text-align: center;\">A vous de vivre vos propres aventures et d\u2019inscrire votre histoire dans votre espace Laser Game d\u2019Evreux !<\/p>\n<p>[\/vc_column_text][vc_video link=\u00a0\u00bbhttps:\/\/youtu.be\/44l3406ixuA\u00a0\u00bb align=\u00a0\u00bbcenter\u00a0\u00bb css_animation=\u00a0\u00bbnone\u00a0\u00bb title=\u00a0\u00bbLaser Game Evreux\u00a0\u00bb][vc_column_text css_animation=\u00a0\u00bbright-to-left\u00a0\u00bb]<\/p>\n<p style=\"text-align: center;\"><strong><span class=\"Style4\">La technologie M\u00e9gazone\u00a0<\/span><\/strong>offre un confort de jeu incroyable qui se traduit par une rapidit\u00e9 de r\u00e9activit\u00e9 du logiciel en phase avec le mat\u00e9riel. En r\u00e9sum\u00e9 : tout est fluide, fonctionnel et intuitif !<\/p>\n<p>[\/vc_column_text][vc_single_image style=\u00a0\u00bbvc_box_rounded\u00a0\u00bb image=\u00a0\u00bb1418&Prime; img_size=\u00a0\u00bblarge\u00a0\u00bb alignment=\u00a0\u00bbcenter\u00a0\u00bb onclick=\u00a0\u00bbimg_link_large\u00a0\u00bb css_animation=\u00a0\u00bbbottom-to-top\u00a0\u00bb css_delay=\u00a0\u00bb300&Prime;][vc_column_text]<\/p>\n<p style=\"text-align: center;\"><strong>Attention, selon l\u2019affluence, il est susceptible que les clients jouent avec d\u2019autres personnes.<\/strong><\/p>\n<blockquote>\n<p style=\"text-align: center;\"><strong>La l\u00e9gende de notre Laser Game raconte que certaines personnes incr\u00e9dules seraient rest\u00e9es coinc\u00e9es \u00e0 jamais au fin fond de notre espace atomique\u2026 Ils y errent \u00e0 tout jamais, tortur\u00e9s par la radioactivit\u00e9 et le d\u00e9sir de vengeance. Ils surgissent de temps \u00e0 autre, sans pr\u00e9venir, pour surprendre les plus peureux d\u2019entre-vous\u2026 Mais ce n\u2019est qu\u2019une l\u00e9gende\u2026<\/strong><\/p>\n<\/blockquote>\n<p>[\/vc_column_text]<div class=\"small-12 verve_gallery verve_gallery_default\"><div id=\"iso_gallery-3441\" class=\"iso_doubles iso_folio shortcoded per_init verve_iso_gallery no_titles_gallery\" style=\"margin-right:-10px;\" data-margin=10><div class=\"grid-sizer\"><\/div><div class=\"portfolio_entry_li without_skills\" style=\"padding-right:10px;padding-bottom:10px;\" data-mfp-src=\"https:\/\/www.aerobowl.com\/bowling-evreux\/wp-content\/uploads\/2022\/09\/evreux-laser-game.jpg\" data-title=\"evreux laser game\" data-caption=\"\"><div class=\"grid_image_wrapper\"><div class=\"centerized_father\"><div class=\"centerized_child\"><div class=\"grid_single_title zero_color\"><div class=\"prk_ttl\"><h3 class=\"header_font body_bk_color small\">evreux laser game<\/h3><\/div> <\/div><\/div><\/div><div class=\"grid_colored_block\"><\/div><img loading=\"lazy\" decoding=\"async\" src=\"#\" data-src=\"https:\/\/www.aerobowl.com\/bowling-evreux\/wp-content\/uploads\/2022\/09\/evreux-laser-game-480x300.jpg\" width=\"480\" height=\"300\" class=\"custom-img grid_image\" alt=\"Image Not Found On Media Library\" data-featured=\"no\" \/><\/div><\/div><div class=\"portfolio_entry_li without_skills\" style=\"padding-right:10px;padding-bottom:10px;\" data-mfp-src=\"https:\/\/www.aerobowl.com\/bowling-evreux\/wp-content\/uploads\/2022\/09\/decor-salle-de-laser-game-scaled.jpg\" data-title=\"decor salle de laser game\" data-caption=\"\"><div class=\"grid_image_wrapper\"><div class=\"centerized_father\"><div class=\"centerized_child\"><div class=\"grid_single_title zero_color\"><div class=\"prk_ttl\"><h3 class=\"header_font body_bk_color small\">decor salle de laser game<\/h3><\/div> <\/div><\/div><\/div><div class=\"grid_colored_block\"><\/div><img loading=\"lazy\" decoding=\"async\" src=\"#\" data-src=\"https:\/\/www.aerobowl.com\/bowling-evreux\/wp-content\/uploads\/2022\/09\/decor-salle-de-laser-game-scaled-480x300.jpg\" width=\"480\" height=\"300\" class=\"custom-img grid_image\" alt=\"Image Not Found On Media Library\" data-featured=\"no\" \/><\/div><\/div><div class=\"portfolio_entry_li without_skills\" style=\"padding-right:10px;padding-bottom:10px;\" data-mfp-src=\"https:\/\/www.aerobowl.com\/bowling-evreux\/wp-content\/uploads\/2022\/09\/Labyrinthe-salle-de-lasergame.jpg\" data-title=\"Labyrinthe salle de lasergame\" data-caption=\"\"><div class=\"grid_image_wrapper\"><div class=\"centerized_father\"><div class=\"centerized_child\"><div class=\"grid_single_title zero_color\"><div class=\"prk_ttl\"><h3 class=\"header_font body_bk_color small\">Labyrinthe salle de lasergame<\/h3><\/div> <\/div><\/div><\/div><div class=\"grid_colored_block\"><\/div><img loading=\"lazy\" decoding=\"async\" src=\"#\" data-src=\"https:\/\/www.aerobowl.com\/bowling-evreux\/wp-content\/uploads\/2022\/09\/Labyrinthe-salle-de-lasergame-480x300.jpg\" width=\"480\" height=\"300\" class=\"custom-img grid_image\" alt=\"Image Not Found On Media Library\" data-featured=\"no\" \/><\/div><\/div><div class=\"portfolio_entry_li without_skills\" style=\"padding-right:10px;padding-bottom:10px;\" data-mfp-src=\"https:\/\/www.aerobowl.com\/bowling-evreux\/wp-content\/uploads\/2022\/09\/salle-de-laser-game.jpg\" data-title=\"salle-de-laser-game\" data-caption=\"\"><div class=\"grid_image_wrapper\"><div class=\"centerized_father\"><div class=\"centerized_child\"><div class=\"grid_single_title zero_color\"><div class=\"prk_ttl\"><h3 class=\"header_font body_bk_color small\">salle-de-laser-game<\/h3><\/div> <\/div><\/div><\/div><div class=\"grid_colored_block\"><\/div><img loading=\"lazy\" decoding=\"async\" src=\"#\" data-src=\"https:\/\/www.aerobowl.com\/bowling-evreux\/wp-content\/uploads\/2022\/09\/salle-de-laser-game-480x300.jpg\" width=\"480\" height=\"300\" class=\"custom-img grid_image\" alt=\"Image Not Found On Media Library\" data-featured=\"no\" \/><\/div><\/div><div class=\"portfolio_entry_li without_skills\" style=\"padding-right:10px;padding-bottom:10px;\" data-mfp-src=\"https:\/\/www.aerobowl.com\/bowling-evreux\/wp-content\/uploads\/2022\/09\/laser-game-1.jpg\" data-title=\"laser game\" data-caption=\"\"><div class=\"grid_image_wrapper\"><div class=\"centerized_father\"><div class=\"centerized_child\"><div class=\"grid_single_title zero_color\"><div class=\"prk_ttl\"><h3 class=\"header_font body_bk_color small\">laser game<\/h3><\/div> <\/div><\/div><\/div><div class=\"grid_colored_block\"><\/div><img loading=\"lazy\" decoding=\"async\" src=\"#\" data-src=\"https:\/\/www.aerobowl.com\/bowling-evreux\/wp-content\/uploads\/2022\/09\/laser-game-1-480x300.jpg\" width=\"480\" height=\"300\" class=\"custom-img grid_image\" alt=\"Image Not Found On Media Library\" data-featured=\"no\" \/><\/div><\/div><div class=\"portfolio_entry_li without_skills\" style=\"padding-right:10px;padding-bottom:10px;\" data-mfp-src=\"https:\/\/www.aerobowl.com\/bowling-evreux\/wp-content\/uploads\/2022\/09\/entree-de-jeu-scaled.jpg\" data-title=\"entree de jeu\" data-caption=\"\"><div class=\"grid_image_wrapper\"><div class=\"centerized_father\"><div class=\"centerized_child\"><div class=\"grid_single_title zero_color\"><div class=\"prk_ttl\"><h3 class=\"header_font body_bk_color small\">entree de jeu<\/h3><\/div> <\/div><\/div><\/div><div class=\"grid_colored_block\"><\/div><img loading=\"lazy\" decoding=\"async\" src=\"#\" data-src=\"https:\/\/www.aerobowl.com\/bowling-evreux\/wp-content\/uploads\/2022\/09\/entree-de-jeu-scaled-480x300.jpg\" width=\"480\" height=\"300\" class=\"custom-img grid_image\" alt=\"Image Not Found On Media Library\" data-featured=\"no\" \/><\/div><\/div><\/div><\/div><div class=\"clearfix\"><\/div>[\/vc_column][\/vc_row]<\/p>\n","protected":false},"excerpt":{"rendered":"<p>[vc_row font_color=\u00a0\u00bb#ffffff\u00a0\u00bb bg_color=\u00a0\u00bb#000000&Prime;][vc_column width=\u00a0\u00bb1\/1&Prime;][vc_column_text] 1 rue Gay Lussac 27000 Evreux &#8211; T\u00e9l : 02.32.78.88.88 [\/vc_column_text][\/vc_column][\/vc_row][vc_row bk_type=\u00a0\u00bbverve_full_row\u00a0\u00bb row_height=\u00a0\u00bbforced_row vertical_forced_row\u00a0\u00bb bk_element=\u00a0\u00bbimage\u00a0\u00bb bg_image_repeat=\u00a0\u00bbverve_fixed_bk\u00a0\u00bb append_arrow=\u00a0\u00bbyes\u00a0\u00bb css_animation=\u00a0\u00bbbottom-to-top\u00a0\u00bb bg_image=\u00a0\u00bb9776&Prime;][vc_column][vc_column_text] Laser Game Evreux [\/vc_column_text][vc_single_image image=\u00a0\u00bb9969&Prime; img_size=\u00a0\u00bbfull\u00a0\u00bb alignment=\u00a0\u00bbcenter\u00a0\u00bb onclick=\u00a0\u00bbimg_link_large\u00a0\u00bb css_animation=\u00a0\u00bbvrv_fadeInLeftBig\u00a0\u00bb css_delay=\u00a0\u00bb1000&Prime;][vc_column_text] R\u00e9f\u00e9rence r\u00e9gionale, notre tout nouveau laser game s\u2019impose aujourd\u2019hui comme le plus complet et le plus moderne de sa cat\u00e9gorie. [\/vc_column_text][vc_column_text css_animation=\u00a0\u00bbvrv_fadeInLeftBig\u00a0\u00bb] [&hellip;]<\/p>\n","protected":false},"author":1,"featured_media":815,"parent":0,"menu_order":0,"comment_status":"closed","ping_status":"closed","template":"","meta":{"_monsterinsights_skip_tracking":false,"_monsterinsights_sitenote_active":false,"_monsterinsights_sitenote_note":"","_monsterinsights_sitenote_category":0,"footnotes":""},"class_list":["post-34","page","type-page","status-publish","has-post-thumbnail","hentry"],"aioseo_notices":[],"_links":{"self":[{"href":"https:\/\/www.aerobowl.com\/bowling-evreux\/wp-json\/wp\/v2\/pages\/34","targetHints":{"allow":["GET"]}}],"collection":[{"href":"https:\/\/www.aerobowl.com\/bowling-evreux\/wp-json\/wp\/v2\/pages"}],"about":[{"href":"https:\/\/www.aerobowl.com\/bowling-evreux\/wp-json\/wp\/v2\/types\/page"}],"author":[{"embeddable":true,"href":"https:\/\/www.aerobowl.com\/bowling-evreux\/wp-json\/wp\/v2\/users\/1"}],"replies":[{"embeddable":true,"href":"https:\/\/www.aerobowl.com\/bowling-evreux\/wp-json\/wp\/v2\/comments?post=34"}],"version-history":[{"count":96,"href":"https:\/\/www.aerobowl.com\/bowling-evreux\/wp-json\/wp\/v2\/pages\/34\/revisions"}],"predecessor-version":[{"id":10331,"href":"https:\/\/www.aerobowl.com\/bowling-evreux\/wp-json\/wp\/v2\/pages\/34\/revisions\/10331"}],"wp:featuredmedia":[{"embeddable":true,"href":"https:\/\/www.aerobowl.com\/bowling-evreux\/wp-json\/wp\/v2\/media\/815"}],"wp:attachment":[{"href":"https:\/\/www.aerobowl.com\/bowling-evreux\/wp-json\/wp\/v2\/media?parent=34"}],"curies":[{"name":"wp","href":"https:\/\/api.w.org\/{rel}","templated":true}]}}