{"id":524,"date":"2016-05-04T10:28:02","date_gmt":"2016-05-04T09:28:02","guid":{"rendered":"http:\/\/www.aerobowl.com\/bowling-evreux\/?page_id=524"},"modified":"2022-09-19T08:20:03","modified_gmt":"2022-09-19T07:20:03","slug":"carton-dinvitation","status":"publish","type":"page","link":"https:\/\/www.aerobowl.com\/bowling-evreux\/carton-dinvitation\/","title":{"rendered":"Cartons d&rsquo;invitation"},"content":{"rendered":"<p>[vc_row font_color=\u00a0\u00bb#ffffff\u00a0\u00bb bg_color=\u00a0\u00bb#000000&Prime;][vc_column width=\u00a0\u00bb1\/1&Prime;][vc_column_text]<\/p>\n<div>1 rue Gay Lussac 27000 Evreux &#8211; T\u00e9l : 02.32.78.88.88<a href=\"https:\/\/www.aerobowl.com\/bowling-evreux\/contactez-aerobowl-espace-loisir\/\" target=\"_blank\" rel=\"noopener\"><img decoding=\"async\" src=\"https:\/\/www.aerobowl.com\/bowling-evreux\/wp-content\/uploads\/2022\/09\/logo-contact.png\" border=\"0\" \/><\/a><a href=\"https:\/\/www.facebook.com\/aero.bowling\" target=\"_blank\" rel=\"noopener\"><img decoding=\"async\" src=\"https:\/\/www.aerobowl.com\/bowling-evreux\/wp-content\/uploads\/2022\/09\/logo-facebook.png\" border=\"0\" \/><\/a><a href=\"https:\/\/www.instagram.com\/aerobowling\/\" target=\"_blank\" rel=\"noopener\"><img decoding=\"async\" src=\"https:\/\/www.aerobowl.com\/bowling-evreux\/wp-content\/uploads\/2022\/09\/logo-insta.png\" border=\"0\" \/><\/a><\/div>\n<p>[\/vc_column_text][\/vc_column][\/vc_row][vc_row][vc_column][vc_column_text]<\/p>\n<h2 style=\"text-align: center;\"><strong>Vous avez un \u00e9v\u00e8nement qui se d\u00e9roule prochainement\u00a0 \u00e0 l\u2019A\u00e9ro ?<\/strong><\/h2>\n<hr \/>\n<p style=\"text-align: center;\">Vous d\u00e9sirez en avertir vos copains, amis, coll\u00e8gues, famille ou votre comit\u00e9 d\u2019entreprise\u2026 T\u00e9l\u00e9chargez librement le carton d\u2019invitation qui vous convient (Clic sur image \/ enregistrer sous), imprimez-le, personnalisez-le et envoyez-le aux personnes concern\u00e9es :<\/p>\n<h3 style=\"text-align: center;\"><strong>N\u2019oubliez pas de nous contacter pour r\u00e9server votre jour et votre horaire !<\/strong><\/h3>\n<p>[\/vc_column_text][vc_single_image image=\u00a0\u00bb9988&Prime; img_size=\u00a0\u00bb1000&#215;478&Prime; alignment=\u00a0\u00bbcenter\u00a0\u00bb onclick=\u00a0\u00bbimg_link_large\u00a0\u00bb css_animation=\u00a0\u00bbflipin_x\u00a0\u00bb css_delay=\u00a0\u00bb1500&Prime;]<div class=\"simple_line shortcoded wpb_animate_when_almost_visible wpb_vrv_fadeInDownBig delay-1000\" style=\"border-bottom-color:#828282;border-bottom-width:10px;\"><\/div>[vc_single_image image=\u00a0\u00bb9990&Prime; img_size=\u00a0\u00bb1000&#215;474&Prime; alignment=\u00a0\u00bbcenter\u00a0\u00bb onclick=\u00a0\u00bbimg_link_large\u00a0\u00bb css_animation=\u00a0\u00bbflipin_x\u00a0\u00bb]<div class=\"simple_line shortcoded wpb_animate_when_almost_visible wpb_vrv_fadeInDownBig delay-1000\" style=\"border-bottom-color:#828282;border-bottom-width:10px;\"><\/div>[vc_single_image image=\u00a0\u00bb9989&Prime; img_size=\u00a0\u00bb1000&#215;473&Prime; alignment=\u00a0\u00bbcenter\u00a0\u00bb onclick=\u00a0\u00bbimg_link_large\u00a0\u00bb css_animation=\u00a0\u00bbflipin_y\u00a0\u00bb css_delay=\u00a0\u00bb500&Prime;]<div class=\"simple_line shortcoded wpb_animate_when_almost_visible wpb_vrv_fadeInDownBig delay-1000\" style=\"border-bottom-color:#828282;border-bottom-width:10px;\"><\/div>[vc_single_image image=\u00a0\u00bb10129&Prime; img_size=\u00a0\u00bb1000&#215;474&Prime; alignment=\u00a0\u00bbcenter\u00a0\u00bb onclick=\u00a0\u00bbimg_link_large\u00a0\u00bb css_animation=\u00a0\u00bbright-to-left\u00a0\u00bb css_delay=\u00a0\u00bb250&Prime;][\/vc_column][\/vc_row]<\/p>\n","protected":false},"excerpt":{"rendered":"<p>[vc_row font_color=\u00a0\u00bb#ffffff\u00a0\u00bb bg_color=\u00a0\u00bb#000000&Prime;][vc_column width=\u00a0\u00bb1\/1&Prime;][vc_column_text] 1 rue Gay Lussac 27000 Evreux &#8211; T\u00e9l : 02.32.78.88.88 [\/vc_column_text][\/vc_column][\/vc_row][vc_row][vc_column][vc_column_text] Vous avez un \u00e9v\u00e8nement qui se d\u00e9roule prochainement\u00a0 \u00e0 l\u2019A\u00e9ro ? Vous d\u00e9sirez en avertir vos copains, amis, coll\u00e8gues, famille ou votre comit\u00e9 d\u2019entreprise\u2026 T\u00e9l\u00e9chargez librement le carton d\u2019invitation qui vous convient (Clic sur image \/ enregistrer sous), imprimez-le, personnalisez-le [&hellip;]<\/p>\n","protected":false},"author":1,"featured_media":550,"parent":0,"menu_order":0,"comment_status":"closed","ping_status":"closed","template":"","meta":{"_monsterinsights_skip_tracking":false,"_monsterinsights_sitenote_active":false,"_monsterinsights_sitenote_note":"","_monsterinsights_sitenote_category":0,"footnotes":""},"class_list":["post-524","page","type-page","status-publish","has-post-thumbnail","hentry"],"aioseo_notices":[],"_links":{"self":[{"href":"https:\/\/www.aerobowl.com\/bowling-evreux\/wp-json\/wp\/v2\/pages\/524","targetHints":{"allow":["GET"]}}],"collection":[{"href":"https:\/\/www.aerobowl.com\/bowling-evreux\/wp-json\/wp\/v2\/pages"}],"about":[{"href":"https:\/\/www.aerobowl.com\/bowling-evreux\/wp-json\/wp\/v2\/types\/page"}],"author":[{"embeddable":true,"href":"https:\/\/www.aerobowl.com\/bowling-evreux\/wp-json\/wp\/v2\/users\/1"}],"replies":[{"embeddable":true,"href":"https:\/\/www.aerobowl.com\/bowling-evreux\/wp-json\/wp\/v2\/comments?post=524"}],"version-history":[{"count":40,"href":"https:\/\/www.aerobowl.com\/bowling-evreux\/wp-json\/wp\/v2\/pages\/524\/revisions"}],"predecessor-version":[{"id":10131,"href":"https:\/\/www.aerobowl.com\/bowling-evreux\/wp-json\/wp\/v2\/pages\/524\/revisions\/10131"}],"wp:featuredmedia":[{"embeddable":true,"href":"https:\/\/www.aerobowl.com\/bowling-evreux\/wp-json\/wp\/v2\/media\/550"}],"wp:attachment":[{"href":"https:\/\/www.aerobowl.com\/bowling-evreux\/wp-json\/wp\/v2\/media?parent=524"}],"curies":[{"name":"wp","href":"https:\/\/api.w.org\/{rel}","templated":true}]}}