{"id":63,"date":"2015-11-20T15:15:39","date_gmt":"2015-11-20T14:15:39","guid":{"rendered":"http:\/\/www.aerobowl.com\/bowling-evreux\/?page_id=63"},"modified":"2022-09-19T08:44:05","modified_gmt":"2022-09-19T07:44:05","slug":"forfaits-enterrement-vie-celibataire-filles-garcons","status":"publish","type":"page","link":"https:\/\/www.aerobowl.com\/bowling-evreux\/forfaits-enterrement-vie-celibataire-filles-garcons\/","title":{"rendered":"Enterrement de vie de c\u00e9libataire"},"content":{"rendered":"<p>[vc_row font_color=\u00a0\u00bb#ffffff\u00a0\u00bb bg_color=\u00a0\u00bb#000000&Prime;][vc_column width=\u00a0\u00bb1\/1&Prime;][vc_column_text css_animation=\u00a0\u00bbvrv_fadeInRightBig\u00a0\u00bb]<\/p>\n<div>1 rue Gay Lussac 27000 Evreux &#8211; T\u00e9l : 02.32.78.88.88<a href=\"https:\/\/www.aerobowl.com\/bowling-evreux\/contactez-aerobowl-espace-loisir\/\" target=\"_blank\" rel=\"noopener\"><img decoding=\"async\" src=\"https:\/\/www.aerobowl.com\/bowling-evreux\/wp-content\/uploads\/2022\/09\/logo-contact.png\" border=\"0\" \/><\/a><a href=\"https:\/\/www.facebook.com\/aero.bowling\" target=\"_blank\" rel=\"noopener\"><img decoding=\"async\" src=\"https:\/\/www.aerobowl.com\/bowling-evreux\/wp-content\/uploads\/2022\/09\/logo-facebook.png\" border=\"0\" \/><\/a><a href=\"https:\/\/www.instagram.com\/aerobowling\/\" target=\"_blank\" rel=\"noopener\"><img decoding=\"async\" src=\"https:\/\/www.aerobowl.com\/bowling-evreux\/wp-content\/uploads\/2022\/09\/logo-insta.png\" border=\"0\" \/><\/a><\/div>\n<p>[\/vc_column_text][\/vc_column][\/vc_row][vc_row][vc_column][vc_column_text]<\/p>\n<h1 style=\"text-align: center;\"><strong>Enterrement de vie de c\u00e9libataire<\/strong><\/h1>\n<p>[\/vc_column_text][vc_single_image image=\u00a0\u00bb10136&Prime; img_size=\u00a0\u00bb1200&#215;566&Prime; alignment=\u00a0\u00bbcenter\u00a0\u00bb onclick=\u00a0\u00bbimg_link_large\u00a0\u00bb css_animation=\u00a0\u00bbvrv_fadeInLeftBig\u00a0\u00bb css_delay=\u00a0\u00bb500&Prime;][vc_column_text]<\/p>\n<p style=\"text-align: center;\">Vous vous mariez prochainement et d\u00e9sirez f\u00eater comme il se doit votre enterrement de vie de gar\u00e7on \/ jeune fille ? Notre \u00e9quipe vous attend avec des cadeaux et des forfaits adapt\u00e9s.<\/p>\n<p style=\"text-align: center;\">A noter, nous \u00e9tudions toutes vos propositions, dans la limite du r\u00e9alisable !<\/p>\n<p style=\"text-align: center;\"><span style=\"color: #ff0000;\"><strong>Attention, notre offre est valable pour un minimum de 6 personnes<\/strong><\/span><\/p>\n<p>[\/vc_column_text][vc_column_text]<\/p>\n<h2 style=\"text-align: center;\">Un enterrement de vie de c\u00e9libataire est un passage oblig\u00e9 pour tous les f\u00eatards et les f\u00eatardes !<\/h2>\n<p style=\"text-align: center;\">Plus qu\u2019une f\u00eate entre ami(e)s, cet \u00e9v\u00e9nement magistral sonne le glas de votre vie pass\u00e9e et de votre c\u00e9libat. Vous allez vous dire \u00ab\u00a0oui\u00a0\u00bb et \u00e7a se f\u00eate ! A cette occasion tout est permis : d\u00e9guisements, gages, jeux extravagants, paris divers et autres situations ridicules qui feront de vous le h\u00e9ros de la f\u00eate !<\/p>\n<hr \/>\n<blockquote>\n<h3 style=\"text-align: center;\"><strong>En Normandie, cette coutume mill\u00e9naire se fonde sur des bases rigoureuses :<\/strong><\/h3>\n<p style=\"text-align: center;\">A Saint Andr\u00e9 de l\u2019Eure on pr\u00e9tend que f\u00eater son enterrement de jeune homme est un gage de richesse \u00e0 venir !<\/p>\n<p style=\"text-align: center;\">Sur Ivry la Bataille, si les jeunes mari\u00e9s respectent correctement la tradition, leur bonheur sera assur\u00e9 pour la vie\u2026<\/p>\n<p style=\"text-align: center;\">Et \u00e0 Ezy-sur-Eure, il n&rsquo;est pas rare de se voir distribuer un certificat de \u00ab\u00a0bonne conduite \u00e0 l\u2019enterrement de vie de c\u00e9libataire\u00a0\u00bb. Ce document portant bonheur \u00e9galement pour plus de 100 ans !<\/p>\n<p style=\"text-align: center;\">A Bernay on raconte m\u00eame que la pr\u00e9sence des 4 meilleur(e) vrai(e)s ami(e)s lors de cette f\u00eate est un pacte oblig\u00e9 : Ceux-ci se porteront garants par leurs t\u00e9moignages, du bon d\u00e9roulement du rituel initiatique !<\/p>\n<hr \/>\n<\/blockquote>\n<h3 style=\"text-align: center;\"><strong>Alors n\u2019h\u00e9sitez plus et venez valider cette journ\u00e9e m\u00e9morable au sein de notre \u00e9tablissement \u00e0 Evreux et venez mettre l\u2019ambiance \u00e0 l A\u00e9robowl\u00a0<\/strong><strong>espace loisirs\u00a0<\/strong><strong>!<\/strong><\/h3>\n<p>[\/vc_column_text][\/vc_column][\/vc_row][vc_row][vc_column width=\u00a0\u00bb1\/1&Prime;][vc_column_text]<\/p>\n<h4 style=\"text-align: center;\">En savoir plus sur l&rsquo;organisation de votre f\u00eate d&rsquo;<a href=\"https:\/\/www.aerobowl.com\/bowling-evreux\/comment-organiser-un-evjf-evjh-a-laero-devreux\/\">enterrement de vie de jeune fille ou de jeune homme.<\/a><\/h4>\n<p>[\/vc_column_text][\/vc_column][\/vc_row][vc_row][vc_column width=\u00a0\u00bb1\/1&Prime;]<div class=\"simple_line shortcoded wpb_animate_when_almost_visible wpb_vrv_fadeInDownBig\" style=\"border-bottom-width:5px;\"><\/div>[\/vc_column][\/vc_row]<\/p>\n","protected":false},"excerpt":{"rendered":"<p>[vc_row font_color=\u00a0\u00bb#ffffff\u00a0\u00bb bg_color=\u00a0\u00bb#000000&Prime;][vc_column width=\u00a0\u00bb1\/1&Prime;][vc_column_text css_animation=\u00a0\u00bbvrv_fadeInRightBig\u00a0\u00bb] 1 rue Gay Lussac 27000 Evreux &#8211; T\u00e9l : 02.32.78.88.88 [\/vc_column_text][\/vc_column][\/vc_row][vc_row][vc_column][vc_column_text] Enterrement de vie de c\u00e9libataire [\/vc_column_text][vc_single_image image=\u00a0\u00bb10136&Prime; img_size=\u00a0\u00bb1200&#215;566&Prime; alignment=\u00a0\u00bbcenter\u00a0\u00bb onclick=\u00a0\u00bbimg_link_large\u00a0\u00bb css_animation=\u00a0\u00bbvrv_fadeInLeftBig\u00a0\u00bb css_delay=\u00a0\u00bb500&Prime;][vc_column_text] Vous vous mariez prochainement et d\u00e9sirez f\u00eater comme il se doit votre enterrement de vie de gar\u00e7on \/ jeune fille ? Notre \u00e9quipe vous attend avec des [&hellip;]<\/p>\n","protected":false},"author":1,"featured_media":17,"parent":0,"menu_order":0,"comment_status":"closed","ping_status":"closed","template":"","meta":{"_monsterinsights_skip_tracking":false,"_monsterinsights_sitenote_active":false,"_monsterinsights_sitenote_note":"","_monsterinsights_sitenote_category":0,"footnotes":""},"class_list":["post-63","page","type-page","status-publish","has-post-thumbnail","hentry"],"aioseo_notices":[],"_links":{"self":[{"href":"https:\/\/www.aerobowl.com\/bowling-evreux\/wp-json\/wp\/v2\/pages\/63","targetHints":{"allow":["GET"]}}],"collection":[{"href":"https:\/\/www.aerobowl.com\/bowling-evreux\/wp-json\/wp\/v2\/pages"}],"about":[{"href":"https:\/\/www.aerobowl.com\/bowling-evreux\/wp-json\/wp\/v2\/types\/page"}],"author":[{"embeddable":true,"href":"https:\/\/www.aerobowl.com\/bowling-evreux\/wp-json\/wp\/v2\/users\/1"}],"replies":[{"embeddable":true,"href":"https:\/\/www.aerobowl.com\/bowling-evreux\/wp-json\/wp\/v2\/comments?post=63"}],"version-history":[{"count":35,"href":"https:\/\/www.aerobowl.com\/bowling-evreux\/wp-json\/wp\/v2\/pages\/63\/revisions"}],"predecessor-version":[{"id":10137,"href":"https:\/\/www.aerobowl.com\/bowling-evreux\/wp-json\/wp\/v2\/pages\/63\/revisions\/10137"}],"wp:featuredmedia":[{"embeddable":true,"href":"https:\/\/www.aerobowl.com\/bowling-evreux\/wp-json\/wp\/v2\/media\/17"}],"wp:attachment":[{"href":"https:\/\/www.aerobowl.com\/bowling-evreux\/wp-json\/wp\/v2\/media?parent=63"}],"curies":[{"name":"wp","href":"https:\/\/api.w.org\/{rel}","templated":true}]}}